{"id":51,"date":"2024-06-26T13:38:35","date_gmt":"2024-06-26T11:38:35","guid":{"rendered":"https:\/\/graph2print.com\/?page_id=51"},"modified":"2025-10-29T18:33:13","modified_gmt":"2025-10-29T17:33:13","slug":"autres-services","status":"publish","type":"page","link":"https:\/\/graph2print.com\/index.php\/nos-services\/autres-services\/","title":{"rendered":"Autres services"},"content":{"rendered":"\n<h2 class=\"wp-block-heading\">Des solutions compl\u00e9mentaires pour r\u00e9pondre \u00e0 tous vos besoins<\/h2>\n\n\n\n<p>Au-del\u00e0 de la cr\u00e9ation web, du marketing et du print, nous vous offrons une gamme de services vari\u00e9s pour accompagner pleinement votre d\u00e9veloppement et valoriser votre entreprise.<\/p>\n\n\n\n<h2 class=\"wp-block-heading\">Nos autres prestations<\/h2>\n\n\n\n<ul>\n<li><strong>Production cr\u00e9ative multim\u00e9dia<\/strong><br>R\u00e9alisation de films, vid\u00e9os, animations et contenus visuels sur mesure pour enrichir votre communication digitale et \u00e9v\u00e9nementielle.<\/li>\n\n\n\n<li><strong>Gestion de projets digitaux<\/strong><br>Coordination compl\u00e8te de vos projets web et marketing, pour une ex\u00e9cution fluide et efficace.<\/li>\n\n\n\n<li><strong>Conseil en communication<\/strong><br>Accompagnement strat\u00e9gique pour d\u00e9finir votre positionnement, affiner votre message et choisir les canaux adapt\u00e9s.<\/li>\n\n\n\n<li><strong>Formation &amp; support<\/strong><br>Sessions personnalis\u00e9es pour vous ou votre \u00e9quipe sur les outils digitaux, le r\u00e9f\u00e9rencement, ou la gestion de vos supports num\u00e9riques.<\/li>\n<\/ul>\n\n\n\n<p><\/p>\n","protected":false},"excerpt":{"rendered":"<p>Des solutions compl\u00e9mentaires pour r\u00e9pondre \u00e0 tous vos besoins Au-del\u00e0 de la cr\u00e9ation web, du marketing et du print, nous vous offrons une gamme de services vari\u00e9s pour accompagner pleinement votre d\u00e9veloppement et valoriser votre entreprise. Nos autres prestations<\/p>\n","protected":false},"author":1,"featured_media":0,"parent":60,"menu_order":500,"comment_status":"closed","ping_status":"closed","template":"page-template\/custom-home-page.php","meta":{"footnotes":""},"_links":{"self":[{"href":"https:\/\/graph2print.com\/index.php\/wp-json\/wp\/v2\/pages\/51"}],"collection":[{"href":"https:\/\/graph2print.com\/index.php\/wp-json\/wp\/v2\/pages"}],"about":[{"href":"https:\/\/graph2print.com\/index.php\/wp-json\/wp\/v2\/types\/page"}],"author":[{"embeddable":true,"href":"https:\/\/graph2print.com\/index.php\/wp-json\/wp\/v2\/users\/1"}],"replies":[{"embeddable":true,"href":"https:\/\/graph2print.com\/index.php\/wp-json\/wp\/v2\/comments?post=51"}],"version-history":[{"count":6,"href":"https:\/\/graph2print.com\/index.php\/wp-json\/wp\/v2\/pages\/51\/revisions"}],"predecessor-version":[{"id":209,"href":"https:\/\/graph2print.com\/index.php\/wp-json\/wp\/v2\/pages\/51\/revisions\/209"}],"up":[{"embeddable":true,"href":"https:\/\/graph2print.com\/index.php\/wp-json\/wp\/v2\/pages\/60"}],"wp:attachment":[{"href":"https:\/\/graph2print.com\/index.php\/wp-json\/wp\/v2\/media?parent=51"}],"curies":[{"name":"wp","href":"https:\/\/api.w.org\/{rel}","templated":true}]}}