{"id":44,"date":"2024-06-26T13:34:37","date_gmt":"2024-06-26T11:34:37","guid":{"rendered":"https:\/\/graph2print.com\/?page_id=44"},"modified":"2025-10-30T10:49:09","modified_gmt":"2025-10-30T09:49:09","slug":"impressions","status":"publish","type":"page","link":"https:\/\/graph2print.com\/index.php\/nos-services\/impressions\/","title":{"rendered":"Print"},"content":{"rendered":"\n<h2 class=\"wp-block-heading\" id=\"print---supports-imprims-personnaliss\">PRINT &#8211; Supports Imprim\u00e9s Personnalis\u00e9s<\/h2>\n\n\n\n<h2 class=\"wp-block-heading\">Donnez vie \u00e0 votre communication sur tous vos supports<\/h2>\n\n\n\n<p>Nous r\u00e9alisons pour vous des supports imprim\u00e9s de qualit\u00e9, adapt\u00e9s \u00e0 votre image et \u00e0 vos besoins, pour renforcer votre visibilit\u00e9 au-del\u00e0 du num\u00e9rique.<\/p>\n\n\n\n<h2 class=\"wp-block-heading\">Nos prestations print<\/h2>\n\n\n\n<ul>\n<li><strong>Supports de communications<\/strong>&nbsp;: flyers, cartes de visite,&nbsp;stickers divers.<\/li>\n\n\n\n<li><strong>Impressions num\u00e9riques<\/strong>&nbsp;: banni\u00e8res, affiches, posters, b\u00e2ches, tableaux&#8230;<\/li>\n\n\n\n<li><strong>D\u00e9coupe<\/strong>&nbsp;: pochoirs, signal\u00e9tiques, lettrage.<\/li>\n\n\n\n<li><strong>Covering<\/strong>&nbsp;:&nbsp;stickers voiture, camion, remorque.<\/li>\n<\/ul>\n\n\n\n<h2 class=\"wp-block-heading\">Pourquoi choisir notre service print ?<\/h2>\n\n\n\n<ul>\n<li>Un accompagnement personnalis\u00e9, de la cr\u00e9ation graphique \u00e0 l\u2019impression.<\/li>\n\n\n\n<li>Des mat\u00e9riaux et finitions de qualit\u00e9 pour un rendu professionnel et impactant.<\/li>\n\n\n\n<li>Des d\u00e9lais rapides et un suivi rigoureux pour respecter vos \u00e9ch\u00e9ances.<\/li>\n<\/ul>\n\n\n\n<p><strong>TARIFS : <\/strong><\/p>\n\n\n\n<p>Stickers sur vinyl blanc + lamination (haute qualit\u00e9 seulement) 4&#215;6 cm <\/p>\n\n\n\n<p>Quantit\u00e9  : 20 pi\u00e8ces (2\u20ac pi\u00e8ce) \/ 40 pi\u00e8ce (1.60 \u20ac) \/ 60 (1.30 \u20ac pi\u00e8ce) \/ 100 (1.00 \u20ac pi\u00e8ce) <\/p>\n\n\n\n<p><\/p>\n","protected":false},"excerpt":{"rendered":"<p>PRINT &#8211; Supports Imprim\u00e9s Personnalis\u00e9s Donnez vie \u00e0 votre communication sur tous vos supports Nous r\u00e9alisons pour vous des supports imprim\u00e9s de qualit\u00e9, adapt\u00e9s \u00e0 votre image et \u00e0 vos besoins, pour renforcer votre visibilit\u00e9 au-del\u00e0 du num\u00e9rique. Nos prestations print Pourquoi choisir notre service print ? TARIFS : Stickers sur vinyl blanc + lamination [&hellip;]<\/p>\n","protected":false},"author":1,"featured_media":0,"parent":60,"menu_order":4,"comment_status":"closed","ping_status":"closed","template":"page-template\/custom-home-page.php","meta":{"footnotes":""},"_links":{"self":[{"href":"https:\/\/graph2print.com\/index.php\/wp-json\/wp\/v2\/pages\/44"}],"collection":[{"href":"https:\/\/graph2print.com\/index.php\/wp-json\/wp\/v2\/pages"}],"about":[{"href":"https:\/\/graph2print.com\/index.php\/wp-json\/wp\/v2\/types\/page"}],"author":[{"embeddable":true,"href":"https:\/\/graph2print.com\/index.php\/wp-json\/wp\/v2\/users\/1"}],"replies":[{"embeddable":true,"href":"https:\/\/graph2print.com\/index.php\/wp-json\/wp\/v2\/comments?post=44"}],"version-history":[{"count":7,"href":"https:\/\/graph2print.com\/index.php\/wp-json\/wp\/v2\/pages\/44\/revisions"}],"predecessor-version":[{"id":215,"href":"https:\/\/graph2print.com\/index.php\/wp-json\/wp\/v2\/pages\/44\/revisions\/215"}],"up":[{"embeddable":true,"href":"https:\/\/graph2print.com\/index.php\/wp-json\/wp\/v2\/pages\/60"}],"wp:attachment":[{"href":"https:\/\/graph2print.com\/index.php\/wp-json\/wp\/v2\/media?parent=44"}],"curies":[{"name":"wp","href":"https:\/\/api.w.org\/{rel}","templated":true}]}}